oes 5 divide 2790?
True
Is 51102 a multiple of 334?
True
Is 540 a multiple of 14?
False
Is 12500 a multiple of 9?
False
Is 459 a multiple of 9?
True
Is 136 a factor of 11108?
False
Is 43 a factor of 2666?
True
Is 8 a factor of 1386?
False
Is 1463 a multiple of 55?
False
Is 105429 a multiple of 69?
False
Is 6256 a multiple of 23?
True
Is 9100 a multiple of 53?
False
Is 4 a factor of 1050?
False
Does 73 divide 73?
True
Is 74 a factor of 4440?
True
Is 78 a factor of 559?
False
Is 2098 a multiple of 31?
False
Is 200 a multiple of 10?
True
Is 27 a factor of 55134?
True
Is 53 a factor of 45738?
False
Is 15400 a multiple of 175?
True
Is 13 a factor of 146497?
True
Is 729 a multiple of 81?
True
Does 10 divide 804?
False
Does 25 divide 2875?
True
Does 43 divide 3483?
True
Does 18 divide 838?
False
Does 69 divide 9591?
True
Does 66 divide 5690?
False
Is 14 a factor of 910?
True
Is 31 a factor of 6185?
False
Is 40 a factor of 12993?
False
Does 10 divide 1854?
False
Is 53148 a multiple of 43?
True
Is 12 a factor of 240?
True
Is 16 a factor of 41642?
False
Does 31 divide 3844?
True
Is 18 a multiple of 9?
True
Is 162 even?
True
Does 110 divide 32339?
False
Does 26 divide 1248?
True
Is 12 a factor of 1452?
True
Is 38 a factor of 532?
True
Does 6 divide 4584?
True
Is 36 a factor of 9324?
True
Is 11 a factor of 1346?
False
Is 19 a factor of 736?
False
Is 37 a factor of 563?
False
Is 13 a factor of 110547?
False
Is 7 a factor of 37206?
False
Is 5 a factor of 530?
True
Is 4490 a multiple of 3?
False
Does 19 divide 960?
False
Does 20 divide 8003?
False
Is 106 a multiple of 14?
False
Is 14 a factor of 23303?
False
Does 12 divide 50?
False
Is 33 a factor of 594?
True
Is 16 a factor of 2126?
False
Is 13 a factor of 95865?
False
Is 7 a factor of 4762?
False
Does 51 divide 357?
True
Is 3 a factor of 756?
True
Is 6 a factor of 537?
False
Does 3 divide 69?
True
Is 535 a multiple of 6?
False
Is 840 a multiple of 15?
True
Is 3456 a multiple of 36?
True
Is 26100 a multiple of 10?
True
Does 43 divide 5203?
True
Is 476 a multiple of 14?
True
Is 108 a factor of 2376?
True
Is 435 a multiple of 29?
True
Is 1443 a multiple of 13?
True
Does 38 divide 114?
True
Does 2 divide 424?
True
Is 381 a multiple of 15?
False
Is 62 a factor of 58150?
False
Does 71 divide 281?
False
Is 841 a multiple of 13?
False
Does 326 divide 9780?
True
Is 494 a multiple of 13?
True
Does 39 divide 1960?
False
Is 2 a factor of 90?
True
Is 666 a multiple of 6?
True
Does 15 divide 2430?
True
Is 2 a factor of 1550?
True
Is 22 a factor of 1911?
False
Is 16 a factor of 1741?
False
Is 5 a factor of 480?
True
Is 9 a factor of 82890?
True
Does 143 divide 17110?
False
Is 7 a factor of 390?
False
Is 13 a factor of 639?
False
Does 4 divide 3005?
False
Is 945 a multiple of 27?
True
Does 20 divide 59?
False
Is 1325 a multiple of 25?
True
Is 22 a factor of 198?
True
Does 111 divide 16317?
True
Is 82698 a multiple of 77?
True
Does 5 divide 2260?
True
Is 12204 a multiple of 108?
True
Is 1060 a multiple of 106?
True
Is 583 a multiple of 13?
False
Is 122 a factor of 23424?
True
Does 12 divide 581?
False
Is 464 a multiple of 29?
True
Does 9 divide 941?
False
Is 1066 a multiple of 13?
True
Is 67 a factor of 3685?
True
Does 60 divide 4380?
True
Is 19 a factor of 4731?
True
Is 720 a multiple of 18?
True
Is 583 a multiple of 11?
True
Does 30 divide 709?
False
Is 10 a factor of 750?
True
Does 49 divide 3987?
False
Is 8519 a multiple of 14?
False
Is 392 a multiple of 7?
True
Is 21 a factor of 47712?
True
Is 415 a multiple of 83?
True
Is 125 a factor of 10884?
False
Does 18 divide 2305?
False
Is 541 a multiple of 4?
False
Is 29 a factor of 6832?
False
Is 1872 a multiple of 83?
False
Does 13 divide 12211?
False
Does 39 divide 14547?
True
Does 57 divide 12743?
False
Is 5439 a multiple of 80?
False
Does 7 divide 396?
False
Does 77 divide 22219?
False
Is 1353 a multiple of 41?
True
Is 36 a factor of 12312?
True
Does 8 divide 600?
True
Does 129 divide 85011?
True
Does 45 divide 9900?
True
Is 84 a multiple of 5?
False
Does 10 divide 1588?
False
Does 10 divide 1014?
False
Does 45 divide 83160?
True
Does 3 divide 59?
False
Does 68 divide 1428?
True
Is 7 a factor of 511?
True
Is 3 a factor of 268?
False
Does 112 divide 224?
True
Does 36 divide 504?
True
Is 4 a factor of 8208?
True
Is 3648 a multiple of 119?
False
Is 12 a factor of 1631?
False
Does 21 divide 4853?
False
Is 4796 a multiple of 49?
False
Does 42 divide 1216?
False
Is 179 a multiple of 26?
False
Is 53757 a multiple of 181?
True
Is 38556 a multiple of 153?
True
Is 7 a multiple of 3?
False
Does 193 divide 16649?
False
Does 92 divide 368?
True
Does 8 divide 1022?
False
Does 5 divide 30489?
False
Does 14 divide 854?
True
Does 17 divide 64992?
False
Is 4557 a multiple of 93?
True
Is 12 a factor of 60?
True
Is 19085 a multiple of 127?
False
Is 64 a factor of 1516?
False
Is 28684 a multiple of 101?
True
Is 214 a factor of 52858?
True
Is 66 a factor of 462?
True
Does 2 divide 187?
False
Is 12660 a multiple of 4?
True
Does 16 divide 124478?
False
Is 8365 a multiple of 77?
False
Does 17 divide 18875?
False
Does 17 divide 192?
False
Does 44 divide 660?
True
Is 50 a factor of 106850?
True
Is 37397 a multiple of 136?
False
Is 874 a multiple of 23?
True
Does 152 divide 7752?
True
Is 53 a factor of 5141?
True
Is 462 a multiple of 7?
True
Is 189 a multiple of 19?
False
Is 64 a factor of 768?
True
Does 157 divide 37994?
True
Is 8208 a multiple of 24?
True
Does 12 divide 3009?
False
Is 22 a factor of 1093?
False
Is 30795 a multiple of 11?
False
Does 18 divide 1349?
False
Is 22 a multiple of 5?
False
Is 2100 a multiple of 21?
True
Does 73 divide 2531?
False
Is 131 a factor of 18733?
True
Is 25 a factor of 10950?
True
Does 143 divide 26026?
True
Does 3 divide 3231?
True
Is 8259 a multiple of 13?
False
Is 38 a factor of 12083?
False
Is 12 a factor of 1790?
False
Is 17760 a multiple of 5?
True
Is 24 a factor of 2196?
False
Is 23117 a multiple of 287?
False
Does 4 divide 304?
True
Is 14 a factor of 12025?
False
Is 6776 a multiple of 11?
True
Is 14 a factor of 112?
True
Is 9 a factor of 639?
True
Is 124 a factor of 15748?
True
Does 18 divide 76761?
False
Does 59 divide 3501?
False
Is 460 a multiple of 7?
False
Is 2 a factor of 3572?
True
Is 7853 a multiple of 84?
False
Does 4 divide 160?
True
Is 18 a factor of 1926?
True
Is 5 a factor of 5102?
False
Is 144 a factor of 42386?
False
Is 48 a factor of 1152?
True
Does 93 divide 10416?
True
Does 20 divide 11480?
True
Does 104 divide 6832?
False
Is 2169 a multiple of 88?
False
Is 3 a factor of 318?
True
Is 87 a factor of 2138?
False
Is 1344 a multiple of 24?
True
Is 44416 a multiple of 18?
False
Is 22 a factor of 910?
False
Is 19 a factor of 47386?
True
Is 10 a factor of 1610?
True
Is 12 a factor of 384?
True
Is 16 a factor of 1062?
False
Is 8 a factor of 12112?
True
Is 275 a multiple of 55?
True
Does 53 divide 583?
True
Is 6952 a multiple of 44?
True
Is 491 a multiple of 52?
False
Is 26 a factor of 572?
True
Does 79 divide 237?
True
Does 55 divide 86?
False
Does 78 divide 111052?
False
Does 53 divide 1207?
False
Does 106 divide 11773?
False
Does 92 divide 1656?
True
Does 42 divide 6738?
False
Is 45 a factor of 12465?
True
Is 2 a factor of 793?
False
Does 30 divide 270?
True
Is 75 a factor of 8550?
True
Does 25 divide 3475?
True
Does 42 divide 64937?
False
Is 1486 a multiple of 12?
False
Is 3 a factor of 4169?
False
Does 193 divide 39179?
True
Is 9 a factor of 2312?
False
Does 151 divide 2939?
False
Does 2 divide 125?
False
Does 157 divide 21591?
False
Is 23 a factor of 751?
False
Is 1430 a multiple of 10?
True
Is 45626 a multiple of 46?
False
Is 244 a factor of 28792?
True
Is 2109 a multiple of 23?
False
Is 11 a factor of 82?
False
Does 3 divide 708?
True
Is 165 a multiple of 33?
True
Does 15 divide 26030?
False
Is 13 a factor of 16856?
False
Is 25327 a multiple of 187?
False
Does 56 divide 2464?
True
Does 4 divide 176?
True
Does 77 divide 30877?
True
Is 464 a multiple of 4?
True
Is 17 a factor of 143?
False
Is 9672 a multiple of 182?
False
Does 20 divide 4706?
False
Does 135 divide 4608?
False
Does 13 divide 416?
True
Is 1888 a multiple of 7?
False
Is 7 a factor of 6147?
False
Does 26 divide 130?
True
Is 36 a factor of 25992?
True
Is 377 a factor of 64